{"id":516,"date":"2025-08-19T15:09:10","date_gmt":"2025-08-19T13:09:10","guid":{"rendered":"http:\/\/lanimalenville.com\/?page_id=516"},"modified":"2025-10-09T12:28:55","modified_gmt":"2025-10-09T10:28:55","slug":"les-animaux-sauvages","status":"publish","type":"page","link":"https:\/\/lanimalenville.com\/index.php\/les-animaux-sauvages\/","title":{"rendered":"Les animaux sauvages"},"content":{"rendered":"\t\t<div data-elementor-type=\"wp-page\" data-elementor-id=\"516\" class=\"elementor elementor-516\">\n\t\t\t\t<div class=\"elementor-element elementor-element-19a579a e-con-full e-flex e-con e-parent\" data-id=\"19a579a\" data-element_type=\"container\" data-settings=\"{&quot;shape_divider_bottom&quot;:&quot;wave-brush&quot;,&quot;shape_divider_top&quot;:&quot;mountains&quot;}\">\n\t\t\t\t<div class=\"elementor-shape elementor-shape-top\" aria-hidden=\"true\" data-negative=\"false\">\n\t\t\t<svg xmlns=\"http:\/\/www.w3.org\/2000\/svg\" viewBox=\"0 0 1000 100\" preserveAspectRatio=\"none\">\n\t<path class=\"elementor-shape-fill\" opacity=\"0.33\" d=\"M473,67.3c-203.9,88.3-263.1-34-320.3,0C66,119.1,0,59.7,0,59.7V0h1000v59.7 c0,0-62.1,26.1-94.9,29.3c-32.8,3.3-62.8-12.3-75.8-22.1C806,49.6,745.3,8.7,694.9,4.7S492.4,59,473,67.3z\"\/>\n\t<path class=\"elementor-shape-fill\" opacity=\"0.66\" d=\"M734,67.3c-45.5,0-77.2-23.2-129.1-39.1c-28.6-8.7-150.3-10.1-254,39.1 s-91.7-34.4-149.2,0C115.7,118.3,0,39.8,0,39.8V0h1000v36.5c0,0-28.2-18.5-92.1-18.5C810.2,18.1,775.7,67.3,734,67.3z\"\/>\n\t<path class=\"elementor-shape-fill\" d=\"M766.1,28.9c-200-57.5-266,65.5-395.1,19.5C242,1.8,242,5.4,184.8,20.6C128,35.8,132.3,44.9,89.9,52.5C28.6,63.7,0,0,0,0 h1000c0,0-9.9,40.9-83.6,48.1S829.6,47,766.1,28.9z\"\/>\n<\/svg>\t\t<\/div>\n\t\t\t\t<div class=\"elementor-shape elementor-shape-bottom\" aria-hidden=\"true\" data-negative=\"false\">\n\t\t\t<svg xmlns=\"http:\/\/www.w3.org\/2000\/svg\" viewBox=\"0 0 283.5 27.8\" preserveAspectRatio=\"none\">\n\t<path class=\"elementor-shape-fill\" d=\"M283.5,9.7c0,0-7.3,4.3-14,4.6c-6.8,0.3-12.6,0-20.9-1.5c-11.3-2-33.1-10.1-44.7-5.7\ts-12.1,4.6-18,7.4c-6.6,3.2-20,9.6-36.6,9.3C131.6,23.5,99.5,7.2,86.3,8c-1.4,0.1-6.6,0.8-10.5,2c-3.8,1.2-9.4,3.8-17,4.7\tc-3.2,0.4-8.3,1.1-14.2,0.9c-1.5-0.1-6.3-0.4-12-1.6c-5.7-1.2-11-3.1-15.8-3.7C6.5,9.2,0,10.8,0,10.8V0h283.5V9.7z M260.8,11.3\tc-0.7-1-2-0.4-4.3-0.4c-2.3,0-6.1-1.2-5.8-1.1c0.3,0.1,3.1,1.5,6,1.9C259.7,12.2,261.4,12.3,260.8,11.3z M242.4,8.6\tc0,0-2.4-0.2-5.6-0.9c-3.2-0.8-10.3-2.8-15.1-3.5c-8.2-1.1-15.8,0-15.1,0.1c0.8,0.1,9.6-0.6,17.6,1.1c3.3,0.7,9.3,2.2,12.4,2.7\tC239.9,8.7,242.4,8.6,242.4,8.6z M185.2,8.5c1.7-0.7-13.3,4.7-18.5,6.1c-2.1,0.6-6.2,1.6-10,2c-3.9,0.4-8.9,0.4-8.8,0.5\tc0,0.2,5.8,0.8,11.2,0c5.4-0.8,5.2-1.1,7.6-1.6C170.5,14.7,183.5,9.2,185.2,8.5z M199.1,6.9c0.2,0-0.8-0.4-4.8,1.1\tc-4,1.5-6.7,3.5-6.9,3.7c-0.2,0.1,3.5-1.8,6.6-3C197,7.5,199,6.9,199.1,6.9z M283,6c-0.1,0.1-1.9,1.1-4.8,2.5s-6.9,2.8-6.7,2.7\tc0.2,0,3.5-0.6,7.4-2.5C282.8,6.8,283.1,5.9,283,6z M31.3,11.6c0.1-0.2-1.9-0.2-4.5-1.2s-5.4-1.6-7.8-2C15,7.6,7.3,8.5,7.7,8.6\tC8,8.7,15.9,8.3,20.2,9.3c2.2,0.5,2.4,0.5,5.7,1.6S31.2,11.9,31.3,11.6z M73,9.2c0.4-0.1,3.5-1.6,8.4-2.6c4.9-1.1,8.9-0.5,8.9-0.8\tc0-0.3-1-0.9-6.2-0.3S72.6,9.3,73,9.2z M71.6,6.7C71.8,6.8,75,5.4,77.3,5c2.3-0.3,1.9-0.5,1.9-0.6c0-0.1-1.1-0.2-2.7,0.2\tC74.8,5.1,71.4,6.6,71.6,6.7z M93.6,4.4c0.1,0.2,3.5,0.8,5.6,1.8c2.1,1,1.8,0.6,1.9,0.5c0.1-0.1-0.8-0.8-2.4-1.3\tC97.1,4.8,93.5,4.2,93.6,4.4z M65.4,11.1c-0.1,0.3,0.3,0.5,1.9-0.2s2.6-1.3,2.2-1.2s-0.9,0.4-2.5,0.8C65.3,10.9,65.5,10.8,65.4,11.1\tz M34.5,12.4c-0.2,0,2.1,0.8,3.3,0.9c1.2,0.1,2,0.1,2-0.2c0-0.3-0.1-0.5-1.6-0.4C36.6,12.8,34.7,12.4,34.5,12.4z M152.2,21.1\tc-0.1,0.1-2.4-0.3-7.5-0.3c-5,0-13.6-2.4-17.2-3.5c-3.6-1.1,10,3.9,16.5,4.1C150.5,21.6,152.3,21,152.2,21.1z\"\/>\n\t<path class=\"elementor-shape-fill\" d=\"M269.6,18c-0.1-0.1-4.6,0.3-7.2,0c-7.3-0.7-17-3.2-16.6-2.9c0.4,0.3,13.7,3.1,17,3.3\tC267.7,18.8,269.7,18,269.6,18z\"\/>\n\t<path class=\"elementor-shape-fill\" d=\"M227.4,9.8c-0.2-0.1-4.5-1-9.5-1.2c-5-0.2-12.7,0.6-12.3,0.5c0.3-0.1,5.9-1.8,13.3-1.2\tS227.6,9.9,227.4,9.8z\"\/>\n\t<path class=\"elementor-shape-fill\" d=\"M204.5,13.4c-0.1-0.1,2-1,3.2-1.1c1.2-0.1,2,0,2,0.3c0,0.3-0.1,0.5-1.6,0.4\tC206.4,12.9,204.6,13.5,204.5,13.4z\"\/>\n\t<path class=\"elementor-shape-fill\" d=\"M201,10.6c0-0.1-4.4,1.2-6.3,2.2c-1.9,0.9-6.2,3.1-6.1,3.1c0.1,0.1,4.2-1.6,6.3-2.6\tS201,10.7,201,10.6z\"\/>\n\t<path class=\"elementor-shape-fill\" d=\"M154.5,26.7c-0.1-0.1-4.6,0.3-7.2,0c-7.3-0.7-17-3.2-16.6-2.9c0.4,0.3,13.7,3.1,17,3.3\tC152.6,27.5,154.6,26.8,154.5,26.7z\"\/>\n\t<path class=\"elementor-shape-fill\" d=\"M41.9,19.3c0,0,1.2-0.3,2.9-0.1c1.7,0.2,5.8,0.9,8.2,0.7c4.2-0.4,7.4-2.7,7-2.6\tc-0.4,0-4.3,2.2-8.6,1.9c-1.8-0.1-5.1-0.5-6.7-0.4S41.9,19.3,41.9,19.3z\"\/>\n\t<path class=\"elementor-shape-fill\" d=\"M75.5,12.6c0.2,0.1,2-0.8,4.3-1.1c2.3-0.2,2.1-0.3,2.1-0.5c0-0.1-1.8-0.4-3.4,0\tC76.9,11.5,75.3,12.5,75.5,12.6z\"\/>\n\t<path class=\"elementor-shape-fill\" d=\"M15.6,13.2c0-0.1,4.3,0,6.7,0.5c2.4,0.5,5,1.9,5,2c0,0.1-2.7-0.8-5.1-1.4\tC19.9,13.7,15.7,13.3,15.6,13.2z\"\/>\n<\/svg>\t\t<\/div>\n\t\t\t\t<div class=\"elementor-element elementor-element-d2de128 elementor-widget elementor-widget-heading\" data-id=\"d2de128\" data-element_type=\"widget\" data-widget_type=\"heading.default\">\n\t\t\t\t\t<h2 class=\"elementor-heading-title elementor-size-default\">Les animaux sauvages<\/h2>\t\t\t\t<\/div>\n\t\t\t\t<\/div>\n\t\t<div class=\"elementor-element elementor-element-2a184a4 e-flex e-con-boxed e-con e-parent\" data-id=\"2a184a4\" data-element_type=\"container\">\n\t\t\t\t\t<div class=\"e-con-inner\">\n\t\t\t\t<div class=\"elementor-element elementor-element-11dfeba elementor-widget elementor-widget-text-editor\" data-id=\"11dfeba\" data-element_type=\"widget\" data-widget_type=\"text-editor.default\">\n\t\t\t\t\t\t\t\t\t<p>L\u2019Animal en Ville s\u2019engage activement pour la protection de la faune sauvage en menant des actions de terrain et en soutenant des projets de conservation.<\/p><p>Aux c\u00f4t\u00e9s des collectivit\u00e9s et d\u2019autres acteurs locaux, nous contribuons \u00e0 la pr\u00e9servation des esp\u00e8ces menac\u00e9es, qu\u2019il s\u2019agisse des insectes, des oiseaux, des h\u00e9rissons ou encore des \u00e9cureuils et des renards.<\/p><p>Nous relayons \u00e9galement des campagnes de sensibilisation essentielles :<\/p><ul><li>Lutte contre la chasse<\/li><li>Protection et pr\u00e9servation des milieux naturels<\/li><li>Promotion de l\u2019identification et de la cohabitation responsable avec la faune locale<\/li><\/ul><p>\u27a1\ufe0f En savoir plus sur la faune sauvage qui partage notre quotidien :<\/p><p style=\"padding-left: 40px;\">\ud83d\udc49<strong> <a href=\"https:\/\/lanimalenville.com\/index.php\/les-chats-libres\/\"><span style=\"text-decoration: underline;\">Les chats libres et errants<\/span><\/a><\/strong><\/p><p style=\"padding-left: 40px;\"><strong>\ud83d\udc49 <a href=\"https:\/\/lanimalenville.com\/index.php\/les-oiseaux\/\"><span style=\"text-decoration: underline;\">Les oiseaux<\/span><\/a><\/strong><\/p><p style=\"padding-left: 40px;\"><strong>\ud83d\udc49 <a href=\"https:\/\/lanimalenville.com\/index.php\/les-herissons\/\"><span style=\"text-decoration: underline;\">Les h\u00e9rissons<\/span><\/a><\/strong><\/p><p style=\"padding-left: 40px;\"><strong>\ud83d\udc49 <a href=\"https:\/\/lanimalenville.com\/index.php\/les-renards\/\"><span style=\"text-decoration: underline;\">Les renards<\/span><\/a><\/strong><\/p><p style=\"padding-left: 40px;\"><strong>\ud83d\udc49 <a href=\"https:\/\/lanimalenville.com\/index.php\/les-ecureuils\/\"><span style=\"text-decoration: underline;\">Les \u00e9cureuils <\/span><\/a><\/strong><\/p>\t\t\t\t\t\t\t\t<\/div>\n\t\t\t\t<div class=\"elementor-element elementor-element-6c33dd2 elementor-widget__width-initial elementor-widget elementor-widget-image\" data-id=\"6c33dd2\" data-element_type=\"widget\" data-widget_type=\"image.default\">\n\t\t\t\t\t\t\t\t\t\t\t\t\t\t\t<img fetchpriority=\"high\" decoding=\"async\" width=\"416\" height=\"888\" src=\"https:\/\/lanimalenville.com\/wp-content\/uploads\/2025\/08\/pele-mele-photos-2.png\" class=\"attachment-large size-large wp-image-521\" alt=\"\" srcset=\"https:\/\/lanimalenville.com\/wp-content\/uploads\/2025\/08\/pele-mele-photos-2.png 416w, https:\/\/lanimalenville.com\/wp-content\/uploads\/2025\/08\/pele-mele-photos-2-141x300.png 141w\" sizes=\"(max-width: 416px) 100vw, 416px\" \/>\t\t\t\t\t\t\t\t\t\t\t\t\t\t\t<\/div>\n\t\t\t\t\t<\/div>\n\t\t\t\t<\/div>\n\t\t<div class=\"elementor-element elementor-element-51bc86c e-flex e-con-boxed e-con e-parent\" data-id=\"51bc86c\" data-element_type=\"container\">\n\t\t\t\t\t<div class=\"e-con-inner\">\n\t\t<div class=\"elementor-element elementor-element-d73640f e-con-full e-flex e-con e-child\" data-id=\"d73640f\" data-element_type=\"container\">\n\t\t<div class=\"elementor-element elementor-element-5271b5e e-con-full e-flex e-con e-child\" data-id=\"5271b5e\" data-element_type=\"container\">\n\t\t<div class=\"elementor-element elementor-element-f526524 e-con-full e-flex e-con e-child\" data-id=\"f526524\" data-element_type=\"container\">\n\t\t\t\t<div class=\"elementor-element elementor-element-921bbcd elementor-widget elementor-widget-heading\" data-id=\"921bbcd\" data-element_type=\"widget\" data-widget_type=\"heading.default\">\n\t\t\t\t\t<h2 class=\"elementor-heading-title elementor-size-default\">Demandes de prise en charge d'animaux<\/h2>\t\t\t\t<\/div>\n\t\t\t\t<div class=\"elementor-element elementor-element-0e42519 elementor-widget elementor-widget-text-editor\" data-id=\"0e42519\" data-element_type=\"widget\" data-widget_type=\"text-editor.default\">\n\t\t\t\t\t\t\t\t\t<p>Si vous constatez qu&rsquo;un animal est en <strong>danger<\/strong>, victime de maltraitance ou errant sur la voie publique, signalez-le-nous !<\/p>\t\t\t\t\t\t\t\t<\/div>\n\t\t\t\t<div class=\"elementor-element elementor-element-10d0ae8 elementor-align-center elementor-widget elementor-widget-button\" data-id=\"10d0ae8\" data-element_type=\"widget\" data-widget_type=\"button.default\">\n\t\t\t\t\t\t\t\t\t\t<a class=\"elementor-button elementor-button-link elementor-size-sm\" href=\"https:\/\/lanimalenville.com\/index.php\/contact\/\">\n\t\t\t\t\t\t<span class=\"elementor-button-content-wrapper\">\n\t\t\t\t\t\t\t\t\t<span class=\"elementor-button-text\">Nous contacter<\/span>\n\t\t\t\t\t<\/span>\n\t\t\t\t\t<\/a>\n\t\t\t\t\t\t\t\t<\/div>\n\t\t\t\t<\/div>\n\t\t<div class=\"elementor-element elementor-element-cb4d8cc e-con-full e-flex e-con e-child\" data-id=\"cb4d8cc\" data-element_type=\"container\">\n\t\t\t\t<div class=\"elementor-element elementor-element-89b531e elementor-widget elementor-widget-heading\" data-id=\"89b531e\" data-element_type=\"widget\" data-widget_type=\"heading.default\">\n\t\t\t\t\t<h2 class=\"elementor-heading-title elementor-size-default\">Maltraitance animale<\/h2>\t\t\t\t<\/div>\n\t\t\t\t<div class=\"elementor-element elementor-element-7d9defb elementor-widget elementor-widget-heading\" data-id=\"7d9defb\" data-element_type=\"widget\" data-widget_type=\"heading.default\">\n\t\t\t\t\t<h2 class=\"elementor-heading-title elementor-size-default\">Vous \u00eates face \u00e0 une situation de maltraitance envers un animal et vous ne savez pas comment agir ?\u200b<\/h2>\t\t\t\t<\/div>\n\t\t\t\t<div class=\"elementor-element elementor-element-7c18c29 elementor-widget elementor-widget-text-editor\" data-id=\"7c18c29\" data-element_type=\"widget\" data-widget_type=\"text-editor.default\">\n\t\t\t\t\t\t\t\t\t<p>Il est essentiel d\u2019intervenir rapidement et de mani\u00e8re efficace pour prot\u00e9ger l\u2019animal, tout en veillant \u00e0 votre s\u00e9curit\u00e9 et au respect des proc\u00e9dures.<\/p><p><a href=\"https:\/\/lanimalenville.com\/index.php\/lutter-contre-la-maltraitance-animale\/\"><u><b>Cliquez ici<\/b><\/u><\/a>\u00a0pour d\u00e9couvrir les gestes \u00e0 adopter et aider l\u2019animal \u00e0 sortir de cette situation difficile.<\/p>\t\t\t\t\t\t\t\t<\/div>\n\t\t\t\t<\/div>\n\t\t\t\t<\/div>\n\t\t\t\t<\/div>\n\t\t\t\t\t<\/div>\n\t\t\t\t<\/div>\n\t\t\t\t<\/div>\n\t\t","protected":false},"excerpt":{"rendered":"<p>Les animaux sauvages L\u2019Animal en Ville s\u2019engage activement pour la protection de la faune sauvage en menant des actions de terrain et en soutenant des projets de conservation. Aux c\u00f4t\u00e9s des collectivit\u00e9s et d\u2019autres acteurs locaux, nous contribuons \u00e0 la pr\u00e9servation des esp\u00e8ces menac\u00e9es, qu\u2019il s\u2019agisse des insectes, des oiseaux, des h\u00e9rissons ou encore des [&hellip;]<\/p>\n","protected":false},"author":1,"featured_media":0,"parent":0,"menu_order":0,"comment_status":"closed","ping_status":"closed","template":"elementor_header_footer","meta":{"_eb_attr":"","ocean_post_layout":"","ocean_both_sidebars_style":"","ocean_both_sidebars_content_width":0,"ocean_both_sidebars_sidebars_width":0,"ocean_sidebar":"","ocean_second_sidebar":"","ocean_disable_margins":"enable","ocean_add_body_class":"","ocean_shortcode_before_top_bar":"","ocean_shortcode_after_top_bar":"","ocean_shortcode_before_header":"","ocean_shortcode_after_header":"","ocean_has_shortcode":"","ocean_shortcode_after_title":"","ocean_shortcode_before_footer_widgets":"","ocean_shortcode_after_footer_widgets":"","ocean_shortcode_before_footer_bottom":"","ocean_shortcode_after_footer_bottom":"","ocean_display_top_bar":"default","ocean_display_header":"default","ocean_header_style":"","ocean_center_header_left_menu":"","ocean_custom_header_template":"","ocean_custom_logo":0,"ocean_custom_retina_logo":0,"ocean_custom_logo_max_width":0,"ocean_custom_logo_tablet_max_width":0,"ocean_custom_logo_mobile_max_width":0,"ocean_custom_logo_max_height":0,"ocean_custom_logo_tablet_max_height":0,"ocean_custom_logo_mobile_max_height":0,"ocean_header_custom_menu":"","ocean_menu_typo_font_family":"","ocean_menu_typo_font_subset":"","ocean_menu_typo_font_size":0,"ocean_menu_typo_font_size_tablet":0,"ocean_menu_typo_font_size_mobile":0,"ocean_menu_typo_font_size_unit":"px","ocean_menu_typo_font_weight":"","ocean_menu_typo_font_weight_tablet":"","ocean_menu_typo_font_weight_mobile":"","ocean_menu_typo_transform":"","ocean_menu_typo_transform_tablet":"","ocean_menu_typo_transform_mobile":"","ocean_menu_typo_line_height":0,"ocean_menu_typo_line_height_tablet":0,"ocean_menu_typo_line_height_mobile":0,"ocean_menu_typo_line_height_unit":"","ocean_menu_typo_spacing":0,"ocean_menu_typo_spacing_tablet":0,"ocean_menu_typo_spacing_mobile":0,"ocean_menu_typo_spacing_unit":"","ocean_menu_link_color":"","ocean_menu_link_color_hover":"","ocean_menu_link_color_active":"","ocean_menu_link_background":"","ocean_menu_link_hover_background":"","ocean_menu_link_active_background":"","ocean_menu_social_links_bg":"","ocean_menu_social_hover_links_bg":"","ocean_menu_social_links_color":"","ocean_menu_social_hover_links_color":"","ocean_disable_title":"default","ocean_disable_heading":"default","ocean_post_title":"","ocean_post_subheading":"","ocean_post_title_style":"","ocean_post_title_background_color":"","ocean_post_title_background":0,"ocean_post_title_bg_image_position":"","ocean_post_title_bg_image_attachment":"","ocean_post_title_bg_image_repeat":"","ocean_post_title_bg_image_size":"","ocean_post_title_height":0,"ocean_post_title_bg_overlay":0.5,"ocean_post_title_bg_overlay_color":"","ocean_disable_breadcrumbs":"default","ocean_breadcrumbs_color":"","ocean_breadcrumbs_separator_color":"","ocean_breadcrumbs_links_color":"","ocean_breadcrumbs_links_hover_color":"","ocean_display_footer_widgets":"default","ocean_display_footer_bottom":"default","ocean_custom_footer_template":"","footnotes":""},"class_list":["post-516","page","type-page","status-publish","hentry","entry"],"yoast_head":"<!-- This site is optimized with the Yoast SEO plugin v26.6 - https:\/\/yoast.com\/wordpress\/plugins\/seo\/ -->\n<title>Les animaux sauvages - L Animal en Ville<\/title>\n<meta name=\"robots\" content=\"index, follow, max-snippet:-1, max-image-preview:large, max-video-preview:-1\" \/>\n<link rel=\"canonical\" href=\"https:\/\/lanimalenville.com\/index.php\/les-animaux-sauvages\/\" \/>\n<meta property=\"og:locale\" content=\"fr_FR\" \/>\n<meta property=\"og:type\" content=\"article\" \/>\n<meta property=\"og:title\" content=\"Les animaux sauvages - L Animal en Ville\" \/>\n<meta property=\"og:description\" content=\"Les animaux sauvages L\u2019Animal en Ville s\u2019engage activement pour la protection de la faune sauvage en menant des actions de terrain et en soutenant des projets de conservation. Aux c\u00f4t\u00e9s des collectivit\u00e9s et d\u2019autres acteurs locaux, nous contribuons \u00e0 la pr\u00e9servation des esp\u00e8ces menac\u00e9es, qu\u2019il s\u2019agisse des insectes, des oiseaux, des h\u00e9rissons ou encore des [&hellip;]\" \/>\n<meta property=\"og:url\" content=\"https:\/\/lanimalenville.com\/index.php\/les-animaux-sauvages\/\" \/>\n<meta property=\"og:site_name\" content=\"L Animal en Ville\" \/>\n<meta property=\"article:modified_time\" content=\"2025-10-09T10:28:55+00:00\" \/>\n<meta property=\"og:image\" content=\"https:\/\/lanimalenville.com\/wp-content\/uploads\/2025\/08\/pele-mele-photos-2.png\" \/>\n\t<meta property=\"og:image:width\" content=\"416\" \/>\n\t<meta property=\"og:image:height\" content=\"888\" \/>\n\t<meta property=\"og:image:type\" content=\"image\/png\" \/>\n<meta name=\"twitter:card\" content=\"summary_large_image\" \/>\n<meta name=\"twitter:label1\" content=\"Dur\u00e9e de lecture estim\u00e9e\" \/>\n\t<meta name=\"twitter:data1\" content=\"2 minutes\" \/>\n<script type=\"application\/ld+json\" class=\"yoast-schema-graph\">{\"@context\":\"https:\/\/schema.org\",\"@graph\":[{\"@type\":\"WebPage\",\"@id\":\"https:\/\/lanimalenville.com\/index.php\/les-animaux-sauvages\/\",\"url\":\"https:\/\/lanimalenville.com\/index.php\/les-animaux-sauvages\/\",\"name\":\"Les animaux sauvages - L Animal en Ville\",\"isPartOf\":{\"@id\":\"https:\/\/lanimalenville.com\/#website\"},\"primaryImageOfPage\":{\"@id\":\"https:\/\/lanimalenville.com\/index.php\/les-animaux-sauvages\/#primaryimage\"},\"image\":{\"@id\":\"https:\/\/lanimalenville.com\/index.php\/les-animaux-sauvages\/#primaryimage\"},\"thumbnailUrl\":\"https:\/\/lanimalenville.com\/wp-content\/uploads\/2025\/08\/pele-mele-photos-2.png\",\"datePublished\":\"2025-08-19T13:09:10+00:00\",\"dateModified\":\"2025-10-09T10:28:55+00:00\",\"breadcrumb\":{\"@id\":\"https:\/\/lanimalenville.com\/index.php\/les-animaux-sauvages\/#breadcrumb\"},\"inLanguage\":\"fr-FR\",\"potentialAction\":[{\"@type\":\"ReadAction\",\"target\":[\"https:\/\/lanimalenville.com\/index.php\/les-animaux-sauvages\/\"]}]},{\"@type\":\"ImageObject\",\"inLanguage\":\"fr-FR\",\"@id\":\"https:\/\/lanimalenville.com\/index.php\/les-animaux-sauvages\/#primaryimage\",\"url\":\"https:\/\/lanimalenville.com\/wp-content\/uploads\/2025\/08\/pele-mele-photos-2.png\",\"contentUrl\":\"https:\/\/lanimalenville.com\/wp-content\/uploads\/2025\/08\/pele-mele-photos-2.png\",\"width\":416,\"height\":888},{\"@type\":\"BreadcrumbList\",\"@id\":\"https:\/\/lanimalenville.com\/index.php\/les-animaux-sauvages\/#breadcrumb\",\"itemListElement\":[{\"@type\":\"ListItem\",\"position\":1,\"name\":\"Accueil\",\"item\":\"https:\/\/lanimalenville.com\/\"},{\"@type\":\"ListItem\",\"position\":2,\"name\":\"Les animaux sauvages\"}]},{\"@type\":\"WebSite\",\"@id\":\"https:\/\/lanimalenville.com\/#website\",\"url\":\"https:\/\/lanimalenville.com\/\",\"name\":\"L Animal en Ville\",\"description\":\"Association de protection animale\",\"publisher\":{\"@id\":\"https:\/\/lanimalenville.com\/#organization\"},\"potentialAction\":[{\"@type\":\"SearchAction\",\"target\":{\"@type\":\"EntryPoint\",\"urlTemplate\":\"https:\/\/lanimalenville.com\/?s={search_term_string}\"},\"query-input\":{\"@type\":\"PropertyValueSpecification\",\"valueRequired\":true,\"valueName\":\"search_term_string\"}}],\"inLanguage\":\"fr-FR\"},{\"@type\":\"Organization\",\"@id\":\"https:\/\/lanimalenville.com\/#organization\",\"name\":\"L Animal en Ville\",\"url\":\"https:\/\/lanimalenville.com\/\",\"logo\":{\"@type\":\"ImageObject\",\"inLanguage\":\"fr-FR\",\"@id\":\"https:\/\/lanimalenville.com\/#\/schema\/logo\/image\/\",\"url\":\"https:\/\/lanimalenville.com\/wp-content\/uploads\/2025\/08\/logo-AEV.0-Bleu-orange.jpg.jpeg\",\"contentUrl\":\"https:\/\/lanimalenville.com\/wp-content\/uploads\/2025\/08\/logo-AEV.0-Bleu-orange.jpg.jpeg\",\"width\":302,\"height\":360,\"caption\":\"L Animal en Ville\"},\"image\":{\"@id\":\"https:\/\/lanimalenville.com\/#\/schema\/logo\/image\/\"}}]}<\/script>\n<!-- \/ Yoast SEO plugin. -->","yoast_head_json":{"title":"Les animaux sauvages - L Animal en Ville","robots":{"index":"index","follow":"follow","max-snippet":"max-snippet:-1","max-image-preview":"max-image-preview:large","max-video-preview":"max-video-preview:-1"},"canonical":"https:\/\/lanimalenville.com\/index.php\/les-animaux-sauvages\/","og_locale":"fr_FR","og_type":"article","og_title":"Les animaux sauvages - L Animal en Ville","og_description":"Les animaux sauvages L\u2019Animal en Ville s\u2019engage activement pour la protection de la faune sauvage en menant des actions de terrain et en soutenant des projets de conservation. Aux c\u00f4t\u00e9s des collectivit\u00e9s et d\u2019autres acteurs locaux, nous contribuons \u00e0 la pr\u00e9servation des esp\u00e8ces menac\u00e9es, qu\u2019il s\u2019agisse des insectes, des oiseaux, des h\u00e9rissons ou encore des [&hellip;]","og_url":"https:\/\/lanimalenville.com\/index.php\/les-animaux-sauvages\/","og_site_name":"L Animal en Ville","article_modified_time":"2025-10-09T10:28:55+00:00","og_image":[{"width":416,"height":888,"url":"https:\/\/lanimalenville.com\/wp-content\/uploads\/2025\/08\/pele-mele-photos-2.png","type":"image\/png"}],"twitter_card":"summary_large_image","twitter_misc":{"Dur\u00e9e de lecture estim\u00e9e":"2 minutes"},"schema":{"@context":"https:\/\/schema.org","@graph":[{"@type":"WebPage","@id":"https:\/\/lanimalenville.com\/index.php\/les-animaux-sauvages\/","url":"https:\/\/lanimalenville.com\/index.php\/les-animaux-sauvages\/","name":"Les animaux sauvages - L Animal en Ville","isPartOf":{"@id":"https:\/\/lanimalenville.com\/#website"},"primaryImageOfPage":{"@id":"https:\/\/lanimalenville.com\/index.php\/les-animaux-sauvages\/#primaryimage"},"image":{"@id":"https:\/\/lanimalenville.com\/index.php\/les-animaux-sauvages\/#primaryimage"},"thumbnailUrl":"https:\/\/lanimalenville.com\/wp-content\/uploads\/2025\/08\/pele-mele-photos-2.png","datePublished":"2025-08-19T13:09:10+00:00","dateModified":"2025-10-09T10:28:55+00:00","breadcrumb":{"@id":"https:\/\/lanimalenville.com\/index.php\/les-animaux-sauvages\/#breadcrumb"},"inLanguage":"fr-FR","potentialAction":[{"@type":"ReadAction","target":["https:\/\/lanimalenville.com\/index.php\/les-animaux-sauvages\/"]}]},{"@type":"ImageObject","inLanguage":"fr-FR","@id":"https:\/\/lanimalenville.com\/index.php\/les-animaux-sauvages\/#primaryimage","url":"https:\/\/lanimalenville.com\/wp-content\/uploads\/2025\/08\/pele-mele-photos-2.png","contentUrl":"https:\/\/lanimalenville.com\/wp-content\/uploads\/2025\/08\/pele-mele-photos-2.png","width":416,"height":888},{"@type":"BreadcrumbList","@id":"https:\/\/lanimalenville.com\/index.php\/les-animaux-sauvages\/#breadcrumb","itemListElement":[{"@type":"ListItem","position":1,"name":"Accueil","item":"https:\/\/lanimalenville.com\/"},{"@type":"ListItem","position":2,"name":"Les animaux sauvages"}]},{"@type":"WebSite","@id":"https:\/\/lanimalenville.com\/#website","url":"https:\/\/lanimalenville.com\/","name":"L Animal en Ville","description":"Association de protection animale","publisher":{"@id":"https:\/\/lanimalenville.com\/#organization"},"potentialAction":[{"@type":"SearchAction","target":{"@type":"EntryPoint","urlTemplate":"https:\/\/lanimalenville.com\/?s={search_term_string}"},"query-input":{"@type":"PropertyValueSpecification","valueRequired":true,"valueName":"search_term_string"}}],"inLanguage":"fr-FR"},{"@type":"Organization","@id":"https:\/\/lanimalenville.com\/#organization","name":"L Animal en Ville","url":"https:\/\/lanimalenville.com\/","logo":{"@type":"ImageObject","inLanguage":"fr-FR","@id":"https:\/\/lanimalenville.com\/#\/schema\/logo\/image\/","url":"https:\/\/lanimalenville.com\/wp-content\/uploads\/2025\/08\/logo-AEV.0-Bleu-orange.jpg.jpeg","contentUrl":"https:\/\/lanimalenville.com\/wp-content\/uploads\/2025\/08\/logo-AEV.0-Bleu-orange.jpg.jpeg","width":302,"height":360,"caption":"L Animal en Ville"},"image":{"@id":"https:\/\/lanimalenville.com\/#\/schema\/logo\/image\/"}}]}},"_links":{"self":[{"href":"https:\/\/lanimalenville.com\/index.php\/wp-json\/wp\/v2\/pages\/516","targetHints":{"allow":["GET"]}}],"collection":[{"href":"https:\/\/lanimalenville.com\/index.php\/wp-json\/wp\/v2\/pages"}],"about":[{"href":"https:\/\/lanimalenville.com\/index.php\/wp-json\/wp\/v2\/types\/page"}],"author":[{"embeddable":true,"href":"https:\/\/lanimalenville.com\/index.php\/wp-json\/wp\/v2\/users\/1"}],"replies":[{"embeddable":true,"href":"https:\/\/lanimalenville.com\/index.php\/wp-json\/wp\/v2\/comments?post=516"}],"version-history":[{"count":10,"href":"https:\/\/lanimalenville.com\/index.php\/wp-json\/wp\/v2\/pages\/516\/revisions"}],"predecessor-version":[{"id":1156,"href":"https:\/\/lanimalenville.com\/index.php\/wp-json\/wp\/v2\/pages\/516\/revisions\/1156"}],"wp:attachment":[{"href":"https:\/\/lanimalenville.com\/index.php\/wp-json\/wp\/v2\/media?parent=516"}],"curies":[{"name":"wp","href":"https:\/\/api.w.org\/{rel}","templated":true}]}}